 is the units digit of h(-3)?
5
Let z = 6 - 4. Let u be 5 - (-12)/(-8)*z. What is the tens digit of 1 + u - 40/(-4)?
1
What is the hundreds digit of -5*5/(125/20) + 2250?
2
Let m(r) be the second derivative of -r**3 - 21*r**2/2 + 29*r. What is the units digit of m(-13)?
7
Suppose -7*d + 1058 = -1161. What is the tens digit of d?
1
Suppose 0 = q + q - 6, -75 = -3*p - q. Let a = -19 + p. Suppose a*y - 23 = -13. What is the units digit of y?
2
Let o = -2387 - -4083. What is the tens digit of o?
9
Let w(x) = x**3 + 16*x**2 - 21*x - 44. What is the units digit of w(-14)?
2
Suppose -4*s = 3*f - 2527, 20*f - 3*s + 834 = 21*f. What is the units digit of f?
9
Let g be 2/(-6) - 16435/(-57). Suppose 5*f = -f + g. What is the tens digit of f?
4
Let m(v) = 2*v - 1. Let c be m(2). Suppose 8*r - c*r = 340. Suppose -5*l + r = -32. What is the tens digit of l?
2
Suppose -3*z - 3 - 18 = 0. Let u(o) = -5*o**2 + 16*o + 7. Let h(q) = -3*q**2 + 8*q + 4. Let s(f) = 7*h(f) - 4*u(f). What is the units digit of s(z)?
7
Suppose k = 6*k - 1785. Suppose k = -9*m + 915. What is the tens digit of m?
6
Let i be (-2296)/(-32) - 3/(-12). Let x = -27 + i. What is the tens digit of x?
4
Suppose 0 = 67*r - 60*r - 2807. What is the hundreds digit of r?
4
Let w = 147 - -1693. What is the tens digit of w?
4
What is the units digit of 409 - ((-60)/6)/(-5)?
7
Let y be (-9)/(-12)*(24 + 0). Suppose -5*v = -7 - y. What is the units digit of v?
5
Let p(l) = -l**2 + 4*l - 7. Let c be p(6). Let t = c + 21. Suppose -2*y = t*d + 2*y - 44, 2*d - 41 = -3*y. What is the tens digit of d?
1
Let u = 123 - 41. Let k = u + -32. What is the tens digit of k?
5
Let c(r) = -3*r**2 + 13*r**2 - 23*r - 4*r**2 - 8 + 8*r**2 - r**3. What is the units digit of c(12)?
4
Let n(o) = -o + 1. Let x be n(6). Let i(v) = -v**2 - 7*v - 2. Let y be i(x). What is the units digit of (-117)/(-12) - (-2)/y?
0
Let q(w) = 2*w**3 + 7*w**2 - 9*w + 58. What is the hundreds digit of q(7)?
0
Let w = 60 + -55. Let m(k) = 93*k**2 + k - 1. Let r be m(1). Suppose 37 = w*q - r. What is the tens digit of q?
2
Suppose 0 = -4*w + 3*t + 931, -5*t = 3*w - 518 - 144. Suppose 4*v - 831 - w = 0. What is the hundreds digit of v?
2
Suppose -9*i = 81 - 5067. What is the units digit of i?
4
Suppose -91*v + 102*v - 35651 = 0. What is the hundreds digit of v?
2
Suppose -2*j + v = -14, -2*v = -3*j + 15 + 6. Let b be (-14)/49*-1*j. Let r(n) = 2*n**2 - 3*n + 1. What is the units digit of r(b)?
3
Suppose 7*v = 3*v + 880. Suppose 3*q = -4*a + 176, 10*a - 5*a - v = -5*q. Let n = 64 - a. What is the tens digit of n?
2
Suppose 4*d = 4*f - 895 - 365, 0 = -5*f - 2*d + 1540. What is the tens digit of f?
1
Suppose 9*m - 13*m + 16 = 0. Let p(c) = 9*c - 21. What is the units digit of p(m)?
5
Let g be (-94)/(-30) - 0 - (-4)/(-30). Suppose 99 = -g*t + 366. What is the units digit of t?
9
Let o = -15 + 9. Let c be 2/(-4) - 3/o. Suppose c = -4*y + 6 + 62. What is the tens digit of y?
1
Suppose 4*d + 3*q = -2*q - 53, -3*d - 38 = 2*q. What is the tens digit of 20/(-1)*-3*d/(-9)?
8
Suppose 5*q - 11 = -1. What is the tens digit of q*(15 + 4) - -3?
4
Suppose -11*c + 7083 = -9*c + 5*w, 0 = 4*c - w - 14155. What is the units digit of c?
9
Suppose 0 = -13*n - 44756 + 121378. What is the tens digit of n?
9
Let k = 44 + -40. Suppose 31 = 5*n + 1. Suppose -k*v - 10 = -n*v. What is the units digit of v?
5
Let n(z) = z**3 + 8*z**2 + 8*z + 9. Let x be n(-7). Suppose -x*g + 2590 = -g. What is the units digit of (-2)/8 - g/(-56)?
6
Let x be 509/6 + 4/24. Let c = 150 - x. What is the units digit of c?
5
Let g(c) = 12*c + 5*c**2 - 14 - 6*c**2 + 5*c + 7. Let l be g(16). What is the units digit of l + (-4 - (-12)/3)?
9
Let p be 5/10*(-2 + -60). What is the units digit of p/1*(-5 + 4 + -4)?
5
Suppose 0 = -5*b - p + 12, -5*b = -p - 3*p - 27. Suppose -5*d + 133 + 194 = -b*r, -d = -r - 67. Let x = d - 32. What is the tens digit of x?
3
Let l(s) = -3*s**3 - 13*s**2 - 12*s + 36. Let q(u) = -u**3 - 7*u**2 - 6*u + 18. Let a(y) = 2*l(y) - 5*q(y). What is the tens digit of a(9)?
3
Let k(p) = -4*p**3 - 5*p + 3. Suppose 9*j = 4*j - 30. Let r(d) = -5*d**3 - d**2 - 6*d + 4. Let t(l) = j*k(l) + 5*r(l). What is the units digit of t(-6)?
8
What is the units digit of (-61)/244 - (-15954)/8?
4
Let m be (7 + (-2 - 0))/1. Suppose -3*v - 2*d = -193, 3*d - 224 = -m*v + 99. What is the tens digit of v?
6
Let c(l) = l + 2. Let h be c(4). What is the tens digit of (1120/(-15))/(-8)*h?
5
Let f = 81 - 78. Suppose -j = -f, -73 - 452 = -3*p + 5*j. What is the hundreds digit of p?
1
What is the tens digit of 2808/16 - 2/(-4)?
7
Let t(z) = 2362*z**3 - z**2 - z + 2. What is the hundreds digit of t(1)?
3
Let i = 71 - 45. Suppose -2*q - 4 + i = 0. Suppose q*w - 8 = 3*w. What is the units digit of w?
1
Let r = -34 - -35. Suppose 15 + 2 = 3*w - 2*f, -w - f - r = 0. Suppose -w*g - 2*g + 340 = 0. What is the units digit of g?
8
Let f(d) = 83*d**2 + 35*d + 123. What is the thousands digit of f(-6)?
2
Suppose -5899*u = -5902*u + 1479. What is the hundreds digit of u?
4
Let h be (3/(-2))/((-9)/(-24)). Let t(k) = -17*k + 2. Let z(u) = -8*u + 1. Let a(p) = h*t(p) + 9*z(p). What is the units digit of a(-1)?
5
Let y(p) = 646*p. What is the hundreds digit of y(1)?
6
Let v = 2688 + -2574. What is the hundreds digit of v?
1
What is the units digit of 5273/7 + (-104)/364?
3
Suppose -4*d - 24 = -2*w, d + 2 = -3. Suppose 30 = -4*x + w*k, -2*k = 4*x + 6 + 20. Let z = x + 21. What is the tens digit of z?
1
What is the units digit of (9790/6)/(-11)*(-6)/2?
5
Let q(h) = 2*h**2 + 5*h - 9. Let x(y) = -y**3 + 7*y**2 + 9*y + 7. Let m be x(8). Suppose 4*z + m = -9. What is the units digit of q(z)?
3
Suppose 9*y - 16 = 13*y. What is the units digit of (6/9)/(y/(-66))?
1
Let p(t) = -2*t + 14. What is the units digit of p(3)?
8
Let r(x) = -x**2 - 3*x - 5. Let z be r(7). Let p(y) = 2*y**2 + 13*y - 76. Let h be p(7). Let m = z + h. What is the units digit of m?
8
Let t = -73 - -75. Suppose 2*p - 6*p + 5*z + 982 = 0, t*p - 5*z = 486. What is the hundreds digit of p?
2
What is the units digit of 7236/20 + (-18)/(-90)?
2
Suppose 3*y - 2*p - 315 = -7*p, 12 = -4*p. Let z be (1*-8)/4 - -3. What is the tens digit of (z/2)/(5/y)?
1
Let h be (2/3)/(2/(-51)). Let t = 59 + h. What is the tens digit of (4/6)/(1/t)?
2
Let b(f) = -f**3 - 5*f**2 - 6*f - 6. Let u be (4 - 16)/2 + 1. What is the units digit of b(u)?
4
Let r = 453 - 13. What is the tens digit of r?
4
Suppose -19*y + 8 = -17*y. Suppose y*j - j - 36 = -f, 118 = 3*f + 4*j. What is the units digit of f?
2
Let m(w) = -2 + 0*w - 5*w - 11*w + 4. What is the units digit of m(-3)?
0
Suppose -7*l + 11*l = 12. What is the tens digit of (-1 - l)/(6/(-228))?
5
Suppose c - 6579 = 185. What is the tens digit of c?
6
Suppose -9*b - 11 = 7. What is the units digit of ((-436)/(-12) + b)*3?
3
Let r(m) = m**2 + 6*m - 6. Let h be r(3). Suppose h*y = 16*y + 325. What is the units digit of y?
5
Suppose -858 = 5*h - 6*h. Suppose 5*z + 487 = i + 193, -3*z - h = -3*i. What is the hundreds digit of i?
2
Let c be 4/(-10) - (2 + 202/(-5)). Let k = -9 - -5. Let s = c + k. What is the units digit of s?
4
Let m(z) = 20*z**3 - z**2 + 1. Let j be m(1). Suppose -j = -4*c - 0*c. Suppose -c*r + 69 = -2*r. What is the tens digit of r?
2
Suppose -10 = 8*f - 50. Suppose 3*s + 0 - 94 = -4*k, f*s + 3*k - 175 = 0. What is the units digit of s?
8
Suppose -6*v = -11*v + 2375. Suppose -5*a + v = 3*z - 51, 384 = 2*z - 5*a. Suppose -2*r + 2*u + 126 = 0, 3*r + u = -3*u + z. What is the tens digit of r?
6
Let m(z) = -2*z**3 + 9*z**2 + 18*z - 2. What is the units digit of m(-5)?
3
Let i(f) = f**2 + 6*f - 4. Let o be i(-7). Suppose -2*x + 4*h - o*h = -412, h = -5*x + 1030. What is the units digit of x?
6
Suppose 10*o = -7133 + 24903. What is the hundreds digit of o?
7
Let f(s) be the first derivative of -2*s**3/3 - 13*s**2/2 - 12*s + 3. What is the units digit of f(-5)?
3
What is the thousands digit of (4425 - (3 + 4))/2?
2
Let g be ((-2)/5)/((-2)/7090). Suppose 0 = 2*t + 4 + 2, -g = -5*s - 4*t. What is the units digit of s?
6
Let b(j) = 23*j**2 + 9*j + 58. What is the units digit of b(-6)?
2
Let m be -3 + 2 + (1 - -16). Suppose -m*u = -12*u - 24. What is the units digit of u?
6
Let t = 3833 - 2296. What is the hundreds digit of t?
5
Suppose 0 = 16*z